st the prime factors of x.
71
Suppose 5*o - o = 0. Suppose o = 5*t - 3*z - 166, -3*z - 173 + 71 = -3*t. Let m = -8 + t. List the prime factors of m.
2, 3
Suppose -934 - 5426 = -8*j. List the prime factors of j.
3, 5, 53
Let g = -6 + 8. Let r be (12/(-7))/((-38)/1197). Suppose -r + g = -s. What are the prime factors of s?
2, 13
Suppose -4*w + 7*w + 174 = 0. Let p = 53 - w. List the prime factors of p.
3, 37
Let b = 14 - 14. Let o(i) = 2*i - 5. Let n be o(4). Let f = b + n. What are the prime factors of f?
3
Let w(m) = -m**3 - 12*m**2 + 7*m + 13. Suppose -2*b - 4*z = 38, 8*z - 4*z + 51 = -3*b. What are the prime factors of w(b)?
7, 13
Let g(a) = a**2 - a - 1. Let j be g(3). Suppose -j*r + 123 + 212 = 0. List the prime factors of r.
67
Let p(w) = 82*w + 1888. What are the prime factors of p(0)?
2, 59
Suppose -5855 = -20*o - 2435. List the prime factors of o.
3, 19
Let u be 1/(1 + -2)*-6. What are the prime factors of (u/7)/((-3)/(-336))?
2, 3
Suppose -1 = 5*f - 11. Suppose -2*i + 10 = f*x - 4*i, 0 = -x - 5*i + 35. List the prime factors of x.
2, 5
Let w = -13 + 16. Suppose -5*o = 4*v - 33 - 8, -5*v + 35 = w*o. Suppose -12 = -v*u + 88. What are the prime factors of u?
5
Let x be (2454/9)/((-16)/(-24)). Suppose 4*o - x = 35. What are the prime factors of o?
3, 37
Suppose -t + 986 = -0*t. List the prime factors of t.
2, 17, 29
Let b = -1263 + 2216. What are the prime factors of b?
953
Let t(d) = -2*d**3 - 2*d**2 + 12*d**2 + 3*d**3 + 4 + 0. Let s be t(-10). Suppose 2*y - 72 = 2*b, -3*b - 126 = -s*y + 17. What are the prime factors of y?
5, 7
Suppose 20 = -7*q + 9*q. Suppose -2*a - q = 0, 3*a + 401 = 3*i + 8*a. What are the prime factors of i?
2, 71
Let q be (-5)/(15/9) - -13. Let b be -1*1*(-12 + -5). Let w = b - q. What are the prime factors of w?
7
Let v = 6 + 4. Let q = 10 - v. What are the prime factors of 25*1 - (q - 0)?
5
Suppose 32*z - 12593 = 12015. What are the prime factors of z?
769
Let p = -10 - -15. Suppose 0 = 5*z - 5*f + 5, -4*z + 7 = -z - f. Suppose -g - 4*g = y - 170, z*g = p*y + 107. List the prime factors of g.
3, 11
Let m be 5 - 0 - (-26)/(-13). Suppose 2*n - 4*a + 3 = -m, n - 9 = -a. Let k = n - -1. What are the prime factors of k?
2, 3
Suppose -i = -8*i + 210. Suppose 0 = b - 56 - i. List the prime factors of b.
2, 43
Let o be (-3 - -2) + (-294)/(-6) + 1. Let f = 178 - o. List the prime factors of f.
3, 43
Let v(t) = -t + 9. Let m = 1 + -1. List the prime factors of v(m).
3
Let g(n) = n**3 - 2*n**2 + 3*n + 1456. What are the prime factors of g(0)?
2, 7, 13
Let c be 1/((-10)/(-3) - 3). Suppose 0 = -0*k + k - 2, 2*h - 16 = -c*k. Suppose -h*s = a + 2, 48 = 4*a - 5*s - 44. What are the prime factors of a?
2, 3
Let i(r) = r**3 - 2*r**2 + r. Let v be i(2). Suppose -v*c + 5*b = -85, 3*b - 138 = -2*c - c. What are the prime factors of c?
3, 5
Let q(a) = a**3 + 5*a**2 - 3*a + 5. Let w be q(-5). Let s be (-3)/15 + 84/w. Suppose 0*t - 3*t - k + 82 = 0, -s*k + 38 = 2*t. List the prime factors of t.
29
Let r(t) = -10*t - 60. Let n be r(-6). Suppose n*m + c + 35 = m, -26 = -m + 4*c. What are the prime factors of m?
2, 19
Let z be (35*-4)/(-4)*1. Suppose -5*c + 270 = z. List the prime factors of c.
47
Let s(w) = -8*w + 1. Let x(j) = 9*j - 1. Let u(h) = -2*s(h) - 3*x(h). What are the prime factors of u(-1)?
2, 3
List the prime factors of 2786 + -5*6/(-90)*-21.
7, 397
Suppose -3*l + 333 = -111. Suppose -3*g = -83 - l. List the prime factors of g.
7, 11
Let j = -106 - -178. What are the prime factors of j?
2, 3
List the prime factors of (1582/(-4))/((-93)/372).
2, 7, 113
Let a = -43 + 33. Let m(w) = w**2 + 7*w - 5. Let l be m(a). Suppose 240 = 5*n + l. List the prime factors of n.
43
Let t(h) = -9*h + 31. Suppose -13 = -4*b + 5*b - 5*j, b - 4*j + 14 = 0. List the prime factors of t(b).
193
Let w = 45 - 24. Suppose 5*p + 16 = -74. Let q = w + p. What are the prime factors of q?
3
Suppose 96 = 7*y - 6*y. Suppose 3*i = -4*m + 7*i + 20, 2*m + 5 = -3*i. Suppose -3*k + m*g = -y, 5*g + 52 = 3*k - 53. What are the prime factors of k?
2, 3, 5
Let l(b) = b**3 + 6*b**2 + 17*b - 37. List the prime factors of l(9).
11
Suppose 67*p - 17488 - 60165 = 0. What are the prime factors of p?
19, 61
Suppose -69 = -5*z + 41. Suppose 4*f = -3*b + 5*b - z, -8 = -b - f. Suppose -o = y - 21, o + 5*y = y + b. What are the prime factors of o?
5
Suppose 0 = 60*n - 14*n - 56120. What are the prime factors of n?
2, 5, 61
Let x(y) = 2*y**3 + 16*y**2 - 2*y - 5. List the prime factors of x(-7).
107
Let v(l) = 155*l + 49. What are the prime factors of v(14)?
7, 317
Suppose -55*d - 2626 = -68*d. What are the prime factors of d?
2, 101
Let y = 262 + -64. List the prime factors of y.
2, 3, 11
Suppose g - 25 = -5*p, 20 = -p + 5*p + 2*g. Suppose p + 3 = 5*y + 4*c, 0 = 3*y + c - 2. Suppose y = -3*m + 32 + 52. What are the prime factors of m?
2, 7
What are the prime factors of (408/36)/((-10)/(-2865))?
17, 191
Let i = 30 - 27. Suppose 0 = -i*f - 0*f + 186. List the prime factors of f.
2, 31
Let j(h) = h**2 + 5*h + 4. Let b be j(-5). Let a(w) = 5*w**2 - b*w + 0*w**2 + 1 - 3*w**2. What are the prime factors of a(-2)?
17
List the prime factors of (-22)/((-12)/(-9 - -2469)).
2, 5, 11, 41
Let o be (-1 - (-3)/9)/((-7)/21). Suppose 5*v - 188 = -3*s, o*s - 3*v - 152 = -v. What are the prime factors of s?
71
Let q be ((-10)/(-15))/((-4)/30). Let y(p) be the first derivative of -3*p**2/2 - 7*p - 1. What are the prime factors of y(q)?
2
Let c = 61 - 121. What are the prime factors of c*(-1 - (-1)/2)?
2, 3, 5
Let s(n) = -8*n + 67. List the prime factors of s(-27).
283
Suppose 0*g = 2*q + 4*g - 60, q + 4*g - 34 = 0. Suppose q*t - 29*t + 84 = 0. List the prime factors of t.
2, 7
Let a(p) = 7 + 0*p + p + 13*p**2 - 9. Let g be a(-2). Suppose 3*m - m = g. What are the prime factors of m?
2, 3
Let r(v) = -v**2 - 11*v. Let b be r(-11). Suppose b*p - 2*p = 0. Suppose 0 = 5*s + 2*t - 280, -s - 3*t - t + 38 = p. What are the prime factors of s?
2, 29
Let b be 10184/16 + -2 + 1/(-2). Let d = -427 + b. What are the prime factors of d?
3, 23
Suppose 0 = -4*f - g + 2, -4*f + g - 6 = -2*g. Suppose 7*p - 3*p - 276 = f. List the prime factors of p.
3, 23
Let b be 28/(-70) - (216/10 - -1). Let x be -14 + 0*(0 - -1). Let w = x - b. List the prime factors of w.
3
Suppose -10 = -5*y - 4*x, 7*y + 3*x - 5 = 2*y. List the prime factors of 7/(y + (-15)/(-7)).
7
Suppose -h = 2 - 6. Suppose 4*s = 3*w + 48, h*w = 3*s - 30 + 1. List the prime factors of ((-12)/(-10))/(s/200).
2
Let x(u) = 1 - 29*u + 33*u + 6. What are the prime factors of x(20)?
3, 29
Let j = 834 - 561. What are the prime factors of j?
3, 7, 13
Let z = -85 - -298. List the prime factors of z.
3, 71
Let b(r) = -21*r**3 + 3*r**2 - 110*r + 2 - 5*r**3 + 114*r. List the prime factors of b(-2).
2, 107
Let d(f) = f**2 + 14*f + 35. Let a be d(-15). Suppose 0 = -5*z - a + 155. Let x = 34 + z. List the prime factors of x.
5, 11
Suppose -3*n = -3*m - 8847, 5*n + m = 4*m + 14747. What are the prime factors of n?
2, 5, 59
Let a(f) = f**3 - 8*f**2 + 8*f - 10. Let m(v) = v**3 - 5*v**2 + 4. Let d be m(4). Let c = d - -20. List the prime factors of a(c).
2, 3
Suppose 0 = 2*t - 104 + 28. Suppose d = -3*v + t - 11, -v = 3*d - 9. Suppose h = -2 + v. What are the prime factors of h?
7
Let z(v) = -2*v - 18. Let p(l) = 4*l + 37. Let w(y) = -6*p(y) - 13*z(y). Let f be w(0). List the prime factors of 40/f*(-72)/(-15).
2
Let y(m) = m**2 - 4*m - 10. Let u be y(6). Suppose -u*r + 128 = 18. What are the prime factors of r?
5, 11
Let m = 203 + -79. Suppose 2*r + 0*r + m = 5*s, -3*r = 6. Let n = s - 9. List the prime factors of n.
3, 5
Let l(a) = 8*a + 11. Suppose 2 = 5*q - 23. What are the prime factors of l(q)?
3, 17
Let a be (-25)/(-9) - (-8)/36. Suppose -a*x = -x. Suppose -m - u + 9 = x, -4*u + 44 = 5*m - 0*m. What are the prime factors of m?
2
What are the prime factors of 99/22*2456/3?
2, 3, 307
Let j = 115 + 182. What are the prime factors of j?
3, 11
Suppose 2*p - 99 = a - 0*p, 5*p + 435 = -5*a. Let h = -39 - a. List the prime factors of h.
2, 13
Suppose q = 4, -2*l = -l - q - 1. Let o(d) = 60*d - 18. List the prime factors of o(l).
2, 3, 47
Let a = 1342 + -851. Suppose 3*o + 4*s = 3*s + a, o + 4*s = 160. List the prime factors of o.
2, 41
Suppose -8*i = -5*i - 8961. Suppose -422